{"id":3772,"date":"2025-10-27T14:26:36","date_gmt":"2025-10-27T12:26:36","guid":{"rendered":"https:\/\/sindromdownbacau.ro\/?page_id=3772"},"modified":"2026-04-08T07:38:30","modified_gmt":"2026-04-08T05:38:30","slug":"__trashed","status":"publish","type":"page","link":"https:\/\/sindromdownbacau.ro\/","title":{"rendered":"\u00cen stare de bine"},"content":{"rendered":"\t\t<div data-elementor-type=\"wp-page\" data-elementor-id=\"3772\" class=\"elementor elementor-3772\" data-elementor-settings=\"{&quot;ha_cmc_init_switcher&quot;:&quot;no&quot;}\">\n\t\t\t\t<div class=\"elementor-element elementor-element-f4dc78f e-flex e-con-boxed e-con e-parent\" data-id=\"f4dc78f\" data-element_type=\"container\" data-e-type=\"container\" data-settings=\"{&quot;_ha_eqh_enable&quot;:false}\">\n\t\t\t\t\t<div class=\"e-con-inner\">\n\t\t<div class=\"elementor-element elementor-element-5935da9 e-con-full e-flex e-con e-child\" data-id=\"5935da9\" data-element_type=\"container\" data-e-type=\"container\" data-settings=\"{&quot;_ha_eqh_enable&quot;:false}\">\n\t\t\t\t<div class=\"elementor-element elementor-element-111b6ac exad-sticky-section-no exad-glass-effect-no elementor-widget elementor-widget-exad-news-ticker\" data-id=\"111b6ac\" data-element_type=\"widget\" data-e-type=\"widget\" data-widget_type=\"exad-news-ticker.default\">\n\t\t\t\t<div class=\"elementor-widget-container\">\n\t\t\t\t\t        <div class=\"exad-news-ticker\" data-autoplay=\"true\" data-fixed_position=\"none\" data-pause_on_hover=\"true\" data-direction=\"ltr\" data-autoplay_interval=\"\" data-animation_speed=\"2\" data-ticker_height=\"70\" data-animation=\"scroll\">\r\n                            <div class=\"exad-bn-label  no\" >\r\n                    <div class=\"exad-nt-label\">\r\n                                            <span  >Nout\u0103\u021bi :<\/span>\r\n                                        <\/div>\r\n                <\/div>\r\n            \r\n            <div class=\"exad-nt-news\">\r\n                                    <ul>\r\n                                                <li>\r\n                                <a href=\"https:\/\/sindromdownbacau.ro\/wp-content\/uploads\/2026\/04\/AdoleSENSE-LAb.pdf\" >\r\n                                    <span  > Asocia\u021bia Sindrom Down Bac\u0103u a desf\u0103\u0219urat  proiectul \u201dAdoleSENSE LAB - Educa\u021bie pentru via\u021ba emo\u021bional\u0103 \u0219i rela\u021bional\u0103 s\u0103n\u0103toas\u0103 la adolescen\u021bii cu dizabilit\u0103\u021bi intelectuale\u201d.   Click pentru vizualizarea con\u021binutului !<\/span>\r\n                                <\/a>\r\n                            <\/li>\r\n                                                    <li>\r\n                                <a href=\"https:\/\/sindromdownbacau.ro\/wp-content\/uploads\/2026\/04\/AdoleSENSE-LAb.pdf\" >\r\n                                    <span  >Proiectul \u201dAdoleSENSE LAB\u201d const\u0103 \u00een realizarea de ateliere a c\u0103ror desf\u0103\u0219urare cu materialele implicate este prezentat\u0103 \u00een subsolul paginii.<\/span>\r\n                                <\/a>\r\n                            <\/li>\r\n                                            <\/ul>\r\n                            <\/div>\r\n\r\n                            <div class=\"exad-nt-controls\">\r\n                    <button><span class=\"bn-arrow bn-prev\"><\/span><\/button>\r\n                                        <button><span class=\"bn-arrow bn-next\"><\/span><\/button>\r\n                <\/div>\r\n                    <\/div>\r\n    \t\t\t\t<\/div>\n\t\t\t\t<\/div>\n\t\t\t\t<\/div>\n\t\t\t\t<div class=\"elementor-element elementor-element-896f8ff exad-sticky-section-no exad-glass-effect-no elementor-widget elementor-widget-text-editor\" data-id=\"896f8ff\" data-element_type=\"widget\" data-e-type=\"widget\" data-widget_type=\"text-editor.default\">\n\t\t\t\t<div class=\"elementor-widget-container\">\n\t\t\t\t\t\t\t\t\t<p class=\"western\"><span style=\"font-family: Times New Roman, serif;\"><span style=\"font-size: medium;\"><img decoding=\"async\" class=\"alignnone wp-image-3580\" src=\"https:\/\/sindromdownbacau.ro\/wp-content\/uploads\/2025\/01\/logoASDBc.png\" alt=\"\" width=\"70\" height=\"70\" srcset=\"https:\/\/sindromdownbacau.ro\/wp-content\/uploads\/2025\/01\/logoASDBc.png 100w, https:\/\/sindromdownbacau.ro\/wp-content\/uploads\/2025\/01\/logoASDBc-24x24.png 24w, https:\/\/sindromdownbacau.ro\/wp-content\/uploads\/2025\/01\/logoASDBc-36x36.png 36w, https:\/\/sindromdownbacau.ro\/wp-content\/uploads\/2025\/01\/logoASDBc-48x48.png 48w\" sizes=\"(max-width: 70px) 100vw, 70px\" \/>\u00a0 \u00a0 <strong><em><span style=\"color: #0000ff;\">C o m u n i c a t\u00a0 \u00a0de\u00a0 \u00a0p r e s \u0103\u00a0<\/span><\/em><\/strong><\/span><\/span><\/p><p class=\"western\"><span style=\"font-family: Times New Roman, serif;\"><span style=\"font-size: medium;\">\u00a0 \u00a0 \u00a0 \u00a0 \u00a0 \u00a0 \u00a0 \u00a0 \u00a0 \u00a0 \u00a0 <span style=\"color: #000000;\">Octombrie 2025, Bac\u0103u<\/span><\/span><\/span><\/p><p class=\"western\"><span style=\"color: #0000ff;\"><span style=\"font-family: Times New Roman, serif;\"><span style=\"font-size: medium;\"><b>Asocia\u021bia Sindrom Down Bac\u0103u<\/b><\/span><\/span><span style=\"font-family: Times New Roman, serif;\"><span style=\"font-size: medium;\"> (<\/span><\/span><span style=\"font-family: Times New Roman, serif;\"><span style=\"font-size: medium;\"><b>ASDBC)<\/b><\/span><\/span><\/span><span style=\"font-family: Times New Roman, serif;\"><span style=\"font-size: medium;\">\u00a0 <span style=\"color: #000000;\">desf\u0103\u0219oar\u0103 \u00een perioada 08 octombrie 2025-<\/span><\/span><\/span><span style=\"font-family: 'Times New Roman', serif; color: #000000;\"><span style=\"font-size: medium;\">07 aprilie 2026 proiectul <\/span><\/span><span style=\"font-family: 'Times New Roman', serif; color: #0000ff;\"><span style=\"font-size: medium;\"><b>\u201cAdoleSENSE LAB-<\/b><\/span><\/span><span style=\"font-family: Times New Roman, serif;\"><span style=\"font-size: medium;\"><b><span style=\"color: #0000ff;\">Educa\u021bie pentru via\u021ba emo\u021bional\u0103 \u0219i rela\u021bional\u0103 s\u0103n\u0103toas\u0103 la adolescen\u021bii cu dizabilit\u0103\u021bi intelectuale\u201d<\/span><span style=\"color: #000000;\">, \u00een<\/span> <span style=\"color: #ff0000;\">Onesti, Com\u0103ne\u0219ti \u0219i D\u0103rm\u0103ne\u0219ti.<\/span><\/b><\/span><\/span><\/p><p style=\"text-align: center;\"><a href=\"https:\/\/sindromdownbacau.ro\/wp-content\/uploads\/2025\/11\/roll-1-scaled.jpg\"><img fetchpriority=\"high\" decoding=\"async\" class=\"alignnone wp-image-4074 size-full\" src=\"https:\/\/sindromdownbacau.ro\/wp-content\/uploads\/2025\/11\/roll-1-scaled.jpg\" alt=\"\" width=\"1088\" height=\"2560\" srcset=\"https:\/\/sindromdownbacau.ro\/wp-content\/uploads\/2025\/11\/roll-1-scaled.jpg 1088w, https:\/\/sindromdownbacau.ro\/wp-content\/uploads\/2025\/11\/roll-1-128x300.jpg 128w, https:\/\/sindromdownbacau.ro\/wp-content\/uploads\/2025\/11\/roll-1-435x1024.jpg 435w\" sizes=\"(max-width: 1088px) 100vw, 1088px\" \/><\/a><\/p><p class=\"western\"><span style=\"font-family: Times New Roman, serif;\"><span style=\"font-size: medium;\"><strong><span style=\"color: #ff0000;\"><em>Obiectivul proiectului<\/em><\/span><\/strong> <span style=\"color: #000000;\">este cre\u0219terea gradului de intelegere a emo\u021biilor, rela\u021biilor interpersonale \u0219i limitelor personale \u00een randul a 60 de tineri adolescen\u021bi cu dizabilit\u0103\u021bi intelectuale, cu v\u00e2rste cuprinse intre 12-18 ani.<\/span><\/span><\/span><\/p><p class=\"western\"><span style=\"font-family: 'Times New Roman', serif; color: #000000;\"><span style=\"font-size: medium;\">Pe parcursul celor 6 luni de implementare activit\u0103\u021bile constau \u00een <\/span><\/span><span style=\"font-family: 'Times New Roman', serif; color: #008080;\"><span style=\"font-size: medium;\"><b>litere interactive pentru adolescen\u021bi<\/b><\/span><\/span><span style=\"font-family: 'Times New Roman', serif; color: #000000;\"><span style=\"font-size: medium;\"> pe tematici<\/span><\/span><span style=\"font-family: 'Times New Roman', serif;\"><span style=\"font-size: medium;\"><span style=\"color: #000000;\">\u00a0precum: emo\u021bii, igiena personal\u0103, relatii s\u0103n\u0103toase, consim\u021b\u0103m\u00e2nt, intimitate, prevenirea abuzului \u0219i<\/span> <\/span><\/span><span style=\"font-family: 'Times New Roman', serif; color: #008080;\"><span style=\"font-size: medium;\"><b>ateliere de mentoring psiho-educa\u021bional <\/b><\/span><\/span><span style=\"font-family: 'Times New Roman', serif; color: #000000;\"><span style=\"font-size: medium;\">pentru p\u0103rin\u021bi \u0219i cadre educationale \u0219i de ingrijire privind sprijinul emo\u021bional \u0219i r\u0103spunsul adecvat la \u00eentreb\u0103rile \u0219i provoc\u0103rile adolescen\u021bilor.<\/span><\/span><\/p><p class=\"western\"><span style=\"font-family: Times New Roman, serif;\"><span style=\"font-size: medium;\"><em><span style=\"color: #ff0000;\"><strong>Scopul proiectului<\/strong><\/span><\/em> <span style=\"color: #000000;\">este promovarea unei dezvolt\u0103ri personale s\u0103n\u0103toase \u0219i sigure pentru adolescen\u021bii cu dizabilit\u0103\u021bi intelectuale, prin educa\u021bie adaptat\u0103 prtivind emo\u021biile si sexualitatea.<\/span><\/span><\/span><\/p><p class=\"western\"><span style=\"font-family: Times New Roman, serif;\"><span style=\"font-size: medium;\"><strong><span style=\"color: #ff0000;\"><em>Situa\u021bia specific\u0103<\/em><\/span><\/strong><span style=\"color: #000000;\"> a<\/span><span style=\"color: #000000;\">bordat\u0103 const\u0103 \u00een lipsa programelor de educat\u021be emo\u021bional\u0103 \u0219i sexual\u0103 adaptate pentru adolescen\u021bii cu dizabilit\u0103\u021bi intelectuale, un segment de popula\u021bie vulnerabil, adesea exclus din ini\u021biativele clasice de educa\u021bie pentru sanatate si via\u021ba independent\u0103. Ace\u0219ti tineri sunt expu\u0219i la riscuri majore precum abuzul sexual, exploatarea, rela\u021biile nes\u0103n\u0103toase \u0219i confuzia legat\u0103 de propriul corp \u0219i de limitele personale, tocmai din cauza lipsei de informa\u021bie adaptat\u0103 nivelului lor cognitiv si emo\u021bional.<\/span><\/span><\/span><\/p><p class=\"western\"><span style=\"font-family: Times New Roman, serif;\"><span style=\"font-size: medium;\"><span style=\"color: #000000;\">Proiectul va implica un num\u0103r de<\/span> <\/span><\/span><span style=\"font-family: 'Times New Roman', serif; color: #008080;\"><span style=\"font-size: medium;\"><b>60 adolescen\u021bi cu dizabilit\u0103\u021bi<\/b><\/span><\/span><span style=\"font-family: 'Times New Roman', serif; color: #000000;\"><span style=\"font-size: medium;\"> \u0219i peste <\/span><\/span><span style=\"font-family: Times New Roman, serif;\"><span style=\"font-size: medium;\"><b><span style=\"color: #008080;\">60 p\u0103rin\u021bi \u0219i cadre didactice<\/span>,<\/b><\/span><\/span><span style=\"color: #000000;\"> <span style=\"font-family: Times New Roman, serif;\"><span style=\"font-size: medium;\">iar <\/span><\/span><span style=\"font-family: Times New Roman, serif;\"><span style=\"font-size: medium;\">rezultatele \u0219i efectele a\u0219teptate se refer\u0103 la dob\u00e2ndirea de cuno\u0219tin\u021be \u0219i abilit\u0103\u021bi pentru gestionarea emo\u021biilor, recunoa\u0219terea limitelor si gestionarea situa\u021biilor de risc, reducerea comportamentelor inadecvate \u0219i cre\u0219terea nivelului de protective \u00een r\u00e2ndul beneficiarilor. Ca rezultate se vor crea materiale educa\u021bionale care r\u0103m\u00e2n disponibile \u0219i pentru al\u021bi profesioni\u0219ti \u00een domeniu.<\/span><\/span><\/span><\/p><p class=\"western\"><span style=\"font-family: Times New Roman, serif;\"><span style=\"font-size: medium;\"><span style=\"color: #000000;\">Proiectul AdoleSENSE Lab este derulat de Asocia\u021bia Sindrom Down Bac\u0103u (ASDBC) \u0219i finan\u021bat prin programul \u00cen Stare de Bine<\/span> (<\/span><\/span><span style=\"color: #0563c1;\"><u><a href=\"http:\/\/www.instaredebine.ro\/\"><span style=\"font-family: Times New Roman, serif;\"><span style=\"font-size: medium;\">www.instaredebine.ro<\/span><\/span><\/a><\/u><\/span><span style=\"font-family: Times New Roman, serif;\"><span style=\"font-size: medium;\">)<span style=\"color: #000000;\">, sus\u021binut de Kaufland Rom\u00e2nia \u0219i implementat de Fundat\u021ba pentru Dezvoltarea Societ\u0103\u021bii Civile (FDSC).<\/span><\/span><\/span><\/p><p class=\"western\" align=\"justify\"><span style=\"font-family: Times New Roman, serif;\"><span style=\"font-size: medium;\"><i><b><span style=\"color: #0000ff;\">Despre Asociatia Sindrom Down Bac\u0103u (ASDBC)<\/span><\/b><\/i><\/span><\/span><\/p><p class=\"western\" align=\"justify\"><span style=\"font-family: 'Times New Roman', serif; color: #000000;\"><span style=\"font-size: medium;\"><i>Cu 18 ani de func\u021bionare continu\u0103, Asocia\u021bia Sindrom Down Bac\u0103u (ASDBC) activeaz\u0103 \u00een domeniul de includere \u0219i diversitate a persoanelor cu sindrom Down din judetul Bac\u0103u. Ini\u021biaz\u0103 \u0219i dezvolt\u0103 \u00een permanen\u021b\u0103 programe educa\u021bionale, \u00een colaborare cu partenerii locali si na\u021bionali prin care persoana cu sindrom Down s\u0103-\u0219i atinga poten\u021bialul atat fizic c\u00e2t \u0219i psihic, sa se autoreprezinte \u0219i s\u0103-\u0219i construiasc\u0103 destinul.<\/i><\/span><\/span><\/p><p class=\"western\" align=\"justify\"><span style=\"font-family: 'Times New Roman', serif; color: #0000ff;\"><span style=\"font-size: medium;\"><i><b>Despre programul \u00cen Stare de Bine<\/b><\/i><\/span><\/span><\/p><p class=\"western\" align=\"justify\"><span style=\"font-family: Times New Roman, serif;\"><span style=\"font-size: medium;\"><i><span style=\"color: #000000;\">\u00cen Stare de Bine este un program anual de finan\u021bare ce ofer\u0103 granturi nerambursabile organiza\u021biilor neguvernamentale din Rom\u00e2nia. <\/span><\/i><\/span><\/span><span style=\"font-family: Times New Roman, serif;\"><span style=\"font-size: medium;\"><i><b><span style=\"color: #ff0000;\">Programul este implementat de Funda\u021bia pentru Dezvoltarea Societ\u0103\u021bii Civile, cu sus\u021binerea financiar\u0103 a Kaufland Rom\u00e2nia<\/span> <\/b><\/i><\/span><\/span><span style=\"font-family: 'Times New Roman', serif; color: #000000;\"><span style=\"font-size: medium;\"><i>\u0219i se deruleaz\u0103 anual prin dou\u0103 sau trei apeluri de proiecte, \u00een func\u021bie de nevoile identificate.<\/i><\/span><\/span><\/p><p class=\"western\" align=\"justify\"><span style=\"font-family: Times New Roman, serif;\"><span style=\"font-size: medium;\"><i><span style=\"color: #ff0000;\"><strong>Obiectivul programului<\/strong> <\/span><span style=\"color: #000000;\">este reducerea inegalit\u0103\u021bilor sociale prin intermediul activit\u0103\u021bilor culturale, sportive \u0219i de via\u021b\u0103 s\u0103n\u0103toas\u0103 derulate pentru grupuri sau comunit\u0103\u021bi vulnerabile, precum \u0219i sus\u021binerea ini\u021biativelor ce vizeaz\u0103 dezvoltarea organiza\u021bional\u0103 a sectorului neguvernamental din Rom\u00e2nia. Punem accentul pe interven\u021bii comunitare care au ca obiectiv implicarea activ\u0103 a comunit\u0103\u021bilor \u00een rezolvarea problemelor locale.<\/span><\/i><\/span><\/span><\/p><p class=\"western\" align=\"justify\"><span style=\"font-family: 'Times New Roman', serif; color: #000000;\"><span style=\"font-size: medium;\"><i>Pentru mai multe informa\u021bii, accesa\u021bi <\/i><\/span><\/span><span style=\"color: #0563c1;\"><u><a href=\"http:\/\/instaredebine.ro\/\"><span style=\"font-family: Times New Roman, serif;\"><span style=\"font-size: medium;\"><i>www.instaredebine.ro<\/i><\/span><\/span><\/a><\/u><\/span><span style=\"font-family: 'Times New Roman', serif; color: #993366;\"><span style=\"font-size: medium;\"><i>.<\/i><\/span><\/span><\/p><p class=\"western\" align=\"justify\"><span style=\"font-family: 'Times New Roman', serif; color: #ff0000;\"><span style=\"font-size: medium;\"><i><b><span style=\"color: #0000ff;\">Despre Kaufland Rom\u00e2nia<\/span> <\/b><\/i><\/span><\/span><\/p><p class=\"western\" align=\"justify\"><span style=\"font-family: 'Times New Roman', serif; color: #000000;\"><span style=\"font-size: medium;\"><i>Kaufland se num\u0103r\u0103 printre cele mai mari companii de retail din Europa, cu 1.550 de magazine \u00een 8 \u021b\u0103ri, 155.000 de angaja\u021bi \u0219i o re\u021bea de 190 de magazine \u00een Rom\u00e2nia. <\/i><\/span><\/span><\/p><p class=\"western\" align=\"justify\"><span style=\"font-family: 'Times New Roman', serif; color: #000000;\"><span style=\"font-size: medium;\"><i>Asumarea responsabilit\u0103\u021bii ecologice \u0219i sociale este un aspect esen\u021bial al politicii corporative Kaufland. Crezul companiei const\u0103 \u00een ideea c\u0103 lumea poate fi un loc mai bun prin implicarea fiec\u0103ruia, de aceea, \u00een 2018, Kaufland a dezvoltat platforma \u201eImplicarea face diferen\u021ba\u201d, sub umbrela c\u0103reia sunt comunicate toate ac\u021biunile de responsabilitate social\u0103. Cea mai mare parte a proiectelor CSR ale companiei sunt desf\u0103\u0219urate \u00een parteneriat cu asocia\u021bii nonguvernamentale regionale sau na\u021bionale \u0219i urm\u0103resc implementarea de programe sociale complexe ce se adreseaz\u0103 unor grupuri mari de beneficiari. <\/i><\/span><\/span><\/p><p class=\"western\" align=\"justify\"><span style=\"font-family: 'Times New Roman', serif; color: #000000;\"><span style=\"font-size: medium;\"><i>Pentru mai multe detalii vizita\u021bi <\/i><\/span><\/span><span style=\"color: #0563c1;\"><u><a href=\"http:\/\/www.kaufland.ro\/\"><span style=\"font-family: Times New Roman, serif;\"><span style=\"font-size: medium;\"><i>www.kaufland.ro<\/i><\/span><\/span><\/a><\/u><\/span><span style=\"font-family: Times New Roman, serif;\"><span style=\"font-size: medium;\"><i>.<\/i><\/span><\/span><\/p><p class=\"western\" align=\"justify\"><span style=\"font-family: 'Times New Roman', serif; color: #0000ff;\"><span style=\"font-size: medium;\"><i><b>Despre Funda\u021bia pentru Dezvoltarea Societ\u0103\u021bii Civile<\/b><\/i><\/span><\/span><\/p><p class=\"western\" align=\"justify\"><span style=\"font-family: 'Times New Roman', serif; color: #000000;\"><span style=\"font-size: medium;\"><i>Funda\u021bia pentru Dezvoltarea Societ\u0103\u021bii Civile (FDSC) este o organiza\u021bie neguvernamental\u0103, independent\u0103, \u00eenfiin\u021bat\u0103 \u00een anul 1994, care promoveaz\u0103 o societate civil\u0103 puternic\u0103 \u0219i sustenabil\u0103, ce contribuie la ap\u0103rarea valorilor democratice prin sprijinirea actorilor societ\u0103\u021bii civile, mobilizarea de resurse, \u00eencurajarea unui mediu favorabil \u0219i \u00eent\u0103rirea cooper\u0103rii cu celelalte sectoare. <\/i><\/span><\/span><\/p><p class=\"western\" align=\"justify\"><span style=\"font-family: 'Times New Roman', serif; color: #000000;\"><span style=\"font-size: medium;\"><i>Mai multe detalii sunt disponibile la <\/i><\/span><\/span><span style=\"color: #0563c1;\"><u><a href=\"http:\/\/www.fdsc.ro\/\"><span style=\"font-family: Times New Roman, serif;\"><span style=\"font-size: medium;\"><i>www.fdsc.ro<\/i><\/span><\/span><\/a><\/u><\/span><span style=\"font-family: Times New Roman, serif;\"><span style=\"font-size: medium;\"><i>. <\/i><\/span><\/span><\/p><p class=\"western\" align=\"justify\"><span style=\"font-family: Times New Roman, serif;\"><span style=\"font-size: medium;\"><i><span style=\"color: #000000;\">Comunicatul de pres\u0103 poate fi vizulizat \u0219i desc\u0103rcat prin link pe imagine :<\/span><u><\/u><\/i><\/span><\/span><\/p><p><a href=\"https:\/\/instaredebine.ro\/adolesense-lab-educatie-pentru-viata-emotionala-si-sexuala-sanatoasa-la-adolescentii-cu-dizabilitati-intelectuale\/\"><img decoding=\"async\" class=\"aligncenter wp-image-4021 size-full\" src=\"https:\/\/sindromdownbacau.ro\/wp-content\/uploads\/2025\/11\/afis-scaled.jpg\" alt=\"\" width=\"1811\" height=\"2560\" srcset=\"https:\/\/sindromdownbacau.ro\/wp-content\/uploads\/2025\/11\/afis-scaled.jpg 1811w, https:\/\/sindromdownbacau.ro\/wp-content\/uploads\/2025\/11\/afis-212x300.jpg 212w, https:\/\/sindromdownbacau.ro\/wp-content\/uploads\/2025\/11\/afis-724x1024.jpg 724w, https:\/\/sindromdownbacau.ro\/wp-content\/uploads\/2025\/11\/afis-768x1086.jpg 768w\" sizes=\"(max-width: 1811px) 100vw, 1811px\" \/><\/a><\/p><p class=\"western\">\u00a0<\/p>\t\t\t\t\t\t\t\t<\/div>\n\t\t\t\t<\/div>\n\t\t\t\t\t<\/div>\n\t\t\t\t<\/div>\n\t\t<div class=\"elementor-element elementor-element-21593a3e e-con-full e-flex e-con e-parent\" data-id=\"21593a3e\" data-element_type=\"container\" data-e-type=\"container\" data-settings=\"{&quot;background_background&quot;:&quot;classic&quot;,&quot;_ha_eqh_enable&quot;:false}\">\n\t\t<div class=\"elementor-element elementor-element-50ada468 e-con-full e-flex e-con e-child\" data-id=\"50ada468\" data-element_type=\"container\" data-e-type=\"container\" data-settings=\"{&quot;background_background&quot;:&quot;classic&quot;,&quot;_ha_eqh_enable&quot;:false}\">\n\t\t\t\t<div class=\"elementor-element elementor-element-1e83688b envato-kit-138-bracket exad-sticky-section-no exad-glass-effect-no elementor-widget elementor-widget-heading\" data-id=\"1e83688b\" data-element_type=\"widget\" data-e-type=\"widget\" data-widget_type=\"heading.default\">\n\t\t\t\t<div class=\"elementor-widget-container\">\n\t\t\t\t\t<h3 class=\"elementor-heading-title elementor-size-default\">\u201dAdoleSENSE Lab\u201d<\/h3>\t\t\t\t<\/div>\n\t\t\t\t<\/div>\n\t\t\t\t<div class=\"elementor-element elementor-element-bad5553 exad-sticky-section-no exad-glass-effect-no elementor-widget elementor-widget-heading\" data-id=\"bad5553\" data-element_type=\"widget\" data-e-type=\"widget\" data-widget_type=\"heading.default\">\n\t\t\t\t<div class=\"elementor-widget-container\">\n\t\t\t\t\t<h2 class=\"elementor-heading-title elementor-size-default\">Desf\u0103\u0219urarea Proiectului<\/h2>\t\t\t\t<\/div>\n\t\t\t\t<\/div>\n\t\t\t\t<div class=\"elementor-element elementor-element-3f7f2b2 elementor-widget-divider--separator-type-pattern elementor-widget-divider--no-spacing elementor-widget-divider--view-line exad-sticky-section-no exad-glass-effect-no elementor-widget elementor-widget-divider\" data-id=\"3f7f2b2\" data-element_type=\"widget\" data-e-type=\"widget\" data-widget_type=\"divider.default\">\n\t\t\t\t<div class=\"elementor-widget-container\">\n\t\t\t\t\t\t\t<div class=\"elementor-divider\" style=\"--divider-pattern-url: url(&quot;data:image\/svg+xml,%3Csvg xmlns=&#039;http:\/\/www.w3.org\/2000\/svg&#039; preserveAspectRatio=&#039;none&#039; overflow=&#039;visible&#039; height=&#039;100%&#039; viewBox=&#039;0 0 24 24&#039; fill=&#039;black&#039; stroke=&#039;none&#039;%3E%3Cpath d=&#039;M24,8v12H0V8H24z M24,4v1H0V4H24z&#039;\/%3E%3C\/svg%3E&quot;);\">\n\t\t\t<span class=\"elementor-divider-separator\">\n\t\t\t\t\t\t<\/span>\n\t\t<\/div>\n\t\t\t\t\t\t<\/div>\n\t\t\t\t<\/div>\n\t\t\t\t<div class=\"elementor-element elementor-element-49d5b8b8 exad-sticky-section-no exad-glass-effect-no elementor-widget elementor-widget-text-editor\" data-id=\"49d5b8b8\" data-element_type=\"widget\" data-e-type=\"widget\" data-widget_type=\"text-editor.default\">\n\t\t\t\t<div class=\"elementor-widget-container\">\n\t\t\t\t\t\t\t\t\t<h5><span style=\"color: #000080;\"><em><strong>Etapele realiz\u0103rii proiectului :<\/strong><\/em><\/span><\/h5><ul><li style=\"text-align: left;\"><h5><a href=\"https:\/\/sindromdownbacau.ro\/wp-content\/uploads\/2026\/03\/Material-site-1.docx\"><span style=\"color: #273272;\">Atelierul 1: Explorarea identit\u0103\u021bii personale \u0219i dezvolt\u0103rii stimei de sine.<\/span><\/a><\/h5><\/li><li style=\"text-align: left;\"><h5><a href=\"https:\/\/sindromdownbacau.ro\/wp-content\/uploads\/2026\/03\/Material-site-2.docx\"><span style=\"color: #000080;\">Atelierul 2: \u201dEmo\u021biile mele\u201d &#8211; Alfabetizare emo\u021bional\u0103 prin metode non-formale. <\/span><\/a><\/h5><\/li><li style=\"text-align: left;\"><h5><a href=\"https:\/\/sindromdownbacau.ro\/wp-content\/uploads\/2026\/03\/Material-site-3.docx\"><span style=\"color: #273272;\">Atelierul 3: \u201dCorpul meu\u201d &#8211; Educa\u021bie\u00a0 pentru s\u0103n\u0103tate \u0219i acceptarea schimb\u0103rilor corporale.<\/span><\/a><\/h5><\/li><li style=\"text-align: left;\"><h5><a href=\"https:\/\/sindromdownbacau.ro\/wp-content\/uploads\/2026\/03\/Material-site-4.docx\"><span style=\"color: #000080;\">Atelierul 4: \u201d Spa\u021biul personal \u0219i limitele corpului\u201d &#8211; Prevenirea abuzului \u0219i dezvoltarea autonomiei personale.<\/span><\/a><\/h5><\/li><li style=\"text-align: left;\"><h5><a href=\"https:\/\/sindromdownbacau.ro\/wp-content\/uploads\/2026\/03\/material-site-5.docx\"><span style=\"color: #000080;\">Atelierul 5: \u201dConsim\u021b\u0103m\u00e2ntul&#8221; &#8211; Abilit\u0103\u021bi fundamentale pentru rela\u021bii s\u0103n\u0103toase \u0219i autonomie personal\u0103.<\/span><\/a><\/h5><\/li><li><h5><a href=\"https:\/\/sindromdownbacau.ro\/wp-content\/uploads\/2026\/04\/materiale.pdf\">Materialele folosite \u00een cadrul proiectului <b>\u201cAdoleSENSE LAB-<\/b><b>Educa\u021bie pentru via\u021ba emo\u021bional\u0103 \u0219i rela\u021bional\u0103 s\u0103n\u0103toas\u0103 la adolescen\u021bii cu dizabilit\u0103\u021bi intelectuale\u201d<\/b><\/a><\/h5><\/li><\/ul>\t\t\t\t\t\t\t\t<\/div>\n\t\t\t\t<\/div>\n\t\t\t\t<\/div>\n\t\t\t\t<\/div>\n\t\t\t\t<\/div>\n\t\t","protected":false},"excerpt":{"rendered":"<p>Nout\u0103\u021bi : Asocia\u021bia Sindrom Down Bac\u0103u a desf\u0103\u0219urat proiectul \u201dAdoleSENSE LAB &#8211; Educa\u021bie pentru via\u021ba emo\u021bional\u0103 \u0219i rela\u021bional\u0103 s\u0103n\u0103toas\u0103 la adolescen\u021bii cu dizabilit\u0103\u021bi intelectuale\u201d. Click pentru vizualizarea con\u021binutului ! Proiectul \u201dAdoleSENSE LAB\u201d const\u0103 \u00een realizarea de ateliere a c\u0103ror desf\u0103\u0219urare cu materialele implicate este prezentat\u0103 \u00een subsolul paginii. \u00a0 \u00a0 C o m u n [&hellip;]<\/p>\n","protected":false},"author":1,"featured_media":0,"parent":0,"menu_order":0,"comment_status":"closed","ping_status":"closed","template":"","meta":{"footnotes":""},"class_list":["post-3772","page","type-page","status-publish","hentry"],"_links":{"self":[{"href":"https:\/\/sindromdownbacau.ro\/index.php?rest_route=\/wp\/v2\/pages\/3772","targetHints":{"allow":["GET"]}}],"collection":[{"href":"https:\/\/sindromdownbacau.ro\/index.php?rest_route=\/wp\/v2\/pages"}],"about":[{"href":"https:\/\/sindromdownbacau.ro\/index.php?rest_route=\/wp\/v2\/types\/page"}],"author":[{"embeddable":true,"href":"https:\/\/sindromdownbacau.ro\/index.php?rest_route=\/wp\/v2\/users\/1"}],"replies":[{"embeddable":true,"href":"https:\/\/sindromdownbacau.ro\/index.php?rest_route=%2Fwp%2Fv2%2Fcomments&post=3772"}],"version-history":[{"count":248,"href":"https:\/\/sindromdownbacau.ro\/index.php?rest_route=\/wp\/v2\/pages\/3772\/revisions"}],"predecessor-version":[{"id":4289,"href":"https:\/\/sindromdownbacau.ro\/index.php?rest_route=\/wp\/v2\/pages\/3772\/revisions\/4289"}],"wp:attachment":[{"href":"https:\/\/sindromdownbacau.ro\/index.php?rest_route=%2Fwp%2Fv2%2Fmedia&parent=3772"}],"curies":[{"name":"wp","href":"https:\/\/api.w.org\/{rel}","templated":true}]}}